mon factor of 341 and 1488.
31
Calculate the greatest common divisor of 558 and 2511.
279
Calculate the highest common divisor of 1170 and 360.
90
What is the greatest common divisor of 42 and 12264?
42
Calculate the highest common factor of 42 and 240.
6
What is the highest common divisor of 30 and 8565?
15
Calculate the highest common divisor of 51 and 663.
51
What is the highest common factor of 63 and 28?
7
What is the greatest common factor of 48 and 712?
8
Calculate the greatest common divisor of 2715 and 15.
15
What is the greatest common divisor of 11537 and 83?
83
What is the highest common factor of 57 and 1425?
57
Calculate the greatest common divisor of 3842 and 34.
34
What is the greatest common factor of 65 and 10?
5
What is the highest common divisor of 45 and 9?
9
What is the greatest common divisor of 548 and 137?
137
What is the highest common factor of 105 and 540?
15
What is the greatest common factor of 2275 and 75?
25
What is the greatest common divisor of 705 and 47?
47
What is the highest common divisor of 215 and 45?
5
Calculate the greatest common divisor of 4838 and 236.
118
What is the highest common factor of 350 and 490?
70
What is the greatest common factor of 38 and 19?
19
Calculate the greatest common factor of 650 and 5330.
130
Calculate the greatest common divisor of 627 and 228.
57
What is the greatest common factor of 2505 and 30?
15
Calculate the highest common factor of 3644 and 4.
4
Calculate the greatest common divisor of 82 and 5494.
82
Calculate the greatest common divisor of 100 and 244.
4
Calculate the highest common factor of 288 and 18.
18
Calculate the greatest common factor of 18 and 24.
6
What is the greatest common divisor of 274 and 4?
2
Calculate the greatest common factor of 322 and 4326.
14
What is the greatest common divisor of 106 and 212?
106
Calculate the greatest common divisor of 198 and 18.
18
Calculate the greatest common factor of 1488 and 651.
93
What is the greatest common divisor of 48 and 66?
6
What is the highest common factor of 91 and 26?
13
Calculate the highest common divisor of 65876 and 172.
172
Calculate the highest common divisor of 85 and 68.
17
What is the greatest common divisor of 9 and 129?
3
What is the greatest common factor of 285 and 30?
15
What is the highest common divisor of 14 and 1750?
14
Calculate the greatest common factor of 154 and 322.
14
Calculate the highest common factor of 72464 and 112.
112
What is the greatest common divisor of 110 and 121?
11
What is the greatest common factor of 13 and 299?
13
What is the greatest common divisor of 52 and 416?
52
Calculate the greatest common factor of 216 and 2328.
24
What is the greatest common factor of 63 and 224?
7
What is the greatest common factor of 1222 and 52?
26
Calculate the greatest common factor of 695 and 5421.
139
Calculate the highest common divisor of 110 and 1280.
10
What is the greatest common factor of 52 and 2366?
26
What is the highest common divisor of 4472 and 260?
52
Calculate the highest common factor of 66 and 66.
66
Calculate the highest common divisor of 62 and 14167.
31
Calculate the highest common divisor of 6136 and 177.
59
Calculate the highest common factor of 188 and 8.
4
What is the highest common factor of 192 and 128?
64
What is the highest common divisor of 5504 and 128?
128
What is the highest common factor of 3 and 261?
3
Calculate the highest common divisor of 374 and 2.
2
Calculate the highest common factor of 418 and 374.
22
What is the greatest common factor of 4 and 18?
2
Calculate the highest common divisor of 35 and 8015.
35
Calculate the greatest common divisor of 795 and 45.
15
What is the greatest common factor of 3 and 1227?
3
What is the highest common divisor of 230 and 55085?
115
What is the greatest common divisor of 1469 and 26?
13
Calculate the greatest common divisor of 990 and 110.
110
Calculate the highest common divisor of 40 and 8.
8
What is the highest common factor of 455 and 14?
7
Calculate the greatest common factor of 147 and 42.
21
What is the highest common divisor of 616 and 25718?
154
Calculate the highest common factor of 27 and 783.
27
Calculate the greatest common divisor of 91475 and 25.
25
Calculate the greatest common factor of 10 and 190.
10
Calculate the highest common factor of 44 and 220.
44
Calculate the highest common divisor of 165 and 2585.
55
Calculate the highest common factor of 481 and 208.
13
Calculate the greatest common factor of 814 and 2035.
407
What is the highest common divisor of 117 and 507?
39
What is the highest common divisor of 920 and 184?
184
Calculate the greatest common divisor of 46 and 22.
2
Calculate the greatest common factor of 270 and 30.
30
Calculate the highest common divisor of 144 and 234.
18
What is the highest common factor of 1158 and 6?
6
Calculate the highest common factor of 131 and 9.
1
What is the greatest common divisor of 297 and 33?
33
What is the highest common factor of 36 and 486?
18
Calculate the highest common divisor of 31 and 3193.
31
Calculate the highest common factor of 945 and 27.
27
Calculate the greatest common factor of 4932 and 54.
18
Calculate the highest common divisor of 6497 and 73.
73
What is the greatest common factor of 1222 and 26?
26
Calculate the greatest common divisor of 25 and 970.
5
Calculate the greatest common factor of 5088 and 53.
53
Calculate the greatest common divisor of 23 and 27301.
23
Calculate the highest common divisor of 96 and 64.
32
Calculate the highest common factor of 10100 and 100.
100
What is the greatest common divisor of 627 and 99?
33
What is the highest common factor of 1 and 1684?
1
What is the highest common divisor of 6200 and 16?
8
What is the greatest common divisor of 123 and 9307?
41
Calculate the highest common factor of 23 and 11.
1
Calculate the greatest common factor of 88 and 14.
2
Calculate the highest common factor of 276 and 204.
12
Calculate the highest common factor of 65 and 1235.
65
Calculate the highest common factor of 1834 and 10742.
262
What is the greatest common factor of 310 and 1395?
155
Calculate the highest common divisor of 180 and 10.
10
What is the greatest common factor of 308 and 245?
7
What is the greatest common divisor of 289 and 51?
17
What is the highest common factor of 76 and 26372?
76
Calculate the highest common factor of 410 and 10.
10
What is the highest common divisor of 70 and 50?
10
What is the highest common factor of 1045 and 33?
11
Calculate the greatest common divisor of 25 and 90.
5
What is the greatest common factor of 112 and 42?
14
Calculate the highest common divisor of 78 and 182.
26
Calculate the greatest common divisor of 134 and 49312.
134
Calculate the highest common factor of 145 and 7685.
145
What is the greatest common factor of 23 and 9269?
23
What is the highest common divisor of 299 and 69?
23
What is the highest common factor of 8070 and 2?
2
What is the greatest common factor of 432 and 96?
48
What is the highest common factor of 8 and 8?
8
What is the highest common factor of 1250 and 475?
25
Calculate the highest common factor of 45 and 345.
15
Calculate the highest common factor of 242 and 99.
11
Calculate the highest common factor of 3717 and 63.
63
What is the highest common divisor of 408 and 84?
12
Calculate the highest common divisor of 26 and 3601.
13
What is the greatest common factor of 28 and 154?
14
Calculate the greatest common factor of 49 and 49.
49
What is the highest common divisor of 1785 and 45?
15
What is the highest common divisor of 182 and 39?
13
Calculate the greatest common factor of 20 and 1692.
4
What is the highest common factor of 414 and 874?
46
Calculate the greatest common factor of 1377 and 612.
153
What is the highest common divisor of 42 and 6?
6
What is the greatest common divisor of 91 and 21?
7
What is the highest common divisor of 12 and 678?
6
Calculate the highest common divisor of 84 and 41916.
84
Calculate the highest common factor of 74 and 14800.
74
What is the greatest common factor of 56 and 11102?
14
What is the greatest common factor of 34 and 3383?
17
Calculate the greatest common factor of 2 and 86.
2
Calculate the highest common divisor of 234 and 54.
18
Calculate the greatest common factor of 672 and 21